{"id":2,"date":"2016-05-10T03:48:21","date_gmt":"2016-05-10T03:48:21","guid":{"rendered":"http:\/\/gustav-luedemann.de\/?page_id=2"},"modified":"2019-04-17T07:51:08","modified_gmt":"2019-04-17T07:51:08","slug":"sample-page","status":"publish","type":"page","link":"https:\/\/gustav-luedemann.de\/","title":{"rendered":"Startseite"},"content":{"rendered":"<div class=\"mp-row-fluid motopress-row mpce-dsbl-margin-left mpce-dsbl-margin-right\">\n<div class=\"motopress-clmn mp-span12  mpce-dsbl-margin-left mpce-dsbl-margin-right\">\n<div class=\"motopress-image-obj motopress-text-align-left\"><img src=\"https:\/\/gustav-luedemann.de\/wp-content\/uploads\/2019\/03\/Birkens\u00e4mling-e1551690902987.jpg\" title=\"Birkens\u00e4mling\" alt=\"Birkens\u00e4mling\" class=\"motopress-image-obj-basic mpce-dsbl-margin-left mpce-dsbl-margin-right mpce-dsbl-margin-top mpce-dsbl-margin-bottom\" \/><\/div>\n<\/div>\n<\/div>\n<div class=\"mp-row-fluid motopress-row mpce-dsbl-margin-left mpce-dsbl-margin-right\">\n<div class=\"motopress-clmn mp-span5  mpce-dsbl-margin-left mpce-dsbl-margin-right\">\n<div class=\"motopress-image-obj motopress-text-align-left\"><img src=\"https:\/\/gustav-luedemann.de\/wp-content\/uploads\/2019\/02\/Hof-Bollensen-e1552638681708.jpg\" title=\"Hof Bollensen\" alt=\"Hof Bollensen\" class=\"motopress-image-obj-basic mpce-dsbl-margin-left mpce-dsbl-margin-right mpce-dsbl-margin-top mpce-dsbl-margin-bottom\" \/><\/div>\n<\/div>\n<div class=\"motopress-clmn mp-span7  mpce-dsbl-margin-left mpce-dsbl-margin-right\">\n<div class=\"motopress-text-obj\">\n<h2>Herzlich Willkommen<\/h2>\n<p><span class=\"copybold\">1878 in Halstenbek\/Holstein gegr\u00fcndet und seit 1994 in Wieren\/Niedersachsen, geh\u00f6rt die Forstbauschule Gust. L\u00fcdemann zu den \u00e4ltesten privaten Baumschulen Deutschlands.<\/span><\/p>\n<p>Tradition verpflichtet! Gust. L\u00fcdemann setzt bei der An- und Aufzucht auf hohe &#8222;innere&#8220; und \u00e4u\u00dfere&#8220; Qualit\u00e4t der Pflanzen. Eine konsequente Herkunftskontrolle, schonende und innovative Anzucht gesunder Pflanzen mit einem g\u00fcnstigen Spro\u00df\/Wurzel-Verh\u00e4ltnis und strengste Qualit\u00e4tsma\u00dfst\u00e4be bei Verschulung und Sortierung sorgen f\u00fcr eine gleichbleibend hohe Qualit\u00e4t und zufriedene Kunden.<\/p>\n<p style=\"text-align: left;\"><span class=\"copynormal\" style=\"color: #ff9900;\"><strong>\u201eErfahrung ist der Anfang jeder Kunst und jeden Wissens.\u201c <\/strong><\/span><span class=\"copynormal\" style=\"color: #ff9900;\"><em>Aristoteles<\/em><\/span><\/p>\n<p>&nbsp;<\/p>\n<\/div>\n<\/div>\n<\/div>\n","protected":false},"excerpt":{"rendered":"Herzlich Willkommen 1878 in Halstenbek\/Holstein gegr\u00fcndet und seit 1994 in Wieren\/Niedersachsen, geh\u00f6rt die [&hellip;]","protected":false},"author":1,"featured_media":0,"parent":0,"menu_order":0,"comment_status":"closed","ping_status":"closed","template":"","meta":[],"_links":{"self":[{"href":"https:\/\/gustav-luedemann.de\/index.php?rest_route=\/wp\/v2\/pages\/2"}],"collection":[{"href":"https:\/\/gustav-luedemann.de\/index.php?rest_route=\/wp\/v2\/pages"}],"about":[{"href":"https:\/\/gustav-luedemann.de\/index.php?rest_route=\/wp\/v2\/types\/page"}],"author":[{"embeddable":true,"href":"https:\/\/gustav-luedemann.de\/index.php?rest_route=\/wp\/v2\/users\/1"}],"replies":[{"embeddable":true,"href":"https:\/\/gustav-luedemann.de\/index.php?rest_route=%2Fwp%2Fv2%2Fcomments&post=2"}],"version-history":[{"count":48,"href":"https:\/\/gustav-luedemann.de\/index.php?rest_route=\/wp\/v2\/pages\/2\/revisions"}],"predecessor-version":[{"id":303,"href":"https:\/\/gustav-luedemann.de\/index.php?rest_route=\/wp\/v2\/pages\/2\/revisions\/303"}],"wp:attachment":[{"href":"https:\/\/gustav-luedemann.de\/index.php?rest_route=%2Fwp%2Fv2%2Fmedia&parent=2"}],"curies":[{"name":"wp","href":"https:\/\/api.w.org\/{rel}","templated":true}]}}